rs of m.
5
Suppose k + k = 18. Let z be 26/3*k/6. Suppose -z + 46 = 3*s. What are the prime factors of s?
11
Let o(a) = 3*a**2 - 6*a - 6. Let b be o(5). Suppose 5*c + 4*i - 72 = 0, -4*c = -0*i - 3*i - b. List the prime factors of c.
2, 3
Let a be (-1 - -1) + (5 - -4). Suppose -3*d + 42 = -a. What are the prime factors of d?
17
Suppose 0*x + 4*p - 28 = 2*x, 5*x = -3*p - 5. Let r = 6 + x. Suppose -2*u + 3*f + 31 = 0, -2*u - r = -u + 2*f. List the prime factors of u.
2
List the prime factors of (1 - (0 - 1))*(-904)/(-16).
113
Let f = 12 - 0. Let z(l) = l + 1. Let q be z(0). Let r = q + f. What are the prime factors of r?
13
Let q = -1 + 1. Suppose 23 = 3*t - r, 2*t + 3*r + r - 34 = q. Let v = t - 4. List the prime factors of v.
5
Suppose -4*v + 1350 - 534 = 0. List the prime factors of v.
2, 3, 17
Let z(a) = 13*a. Let h be z(1). Let x = 25 - h. What are the prime factors of x?
2, 3
Let w(n) = -10*n + 16. List the prime factors of w(-6).
2, 19
Let d(y) = 11*y - 1. What are the prime factors of d(2)?
3, 7
Let u = 35 + -3. List the prime factors of u.
2
Suppose -329 = -5*m + 3*b, -103 - 35 = -2*m - 2*b. List the prime factors of m.
67
Suppose -2*q = 4, 5*s - 5*q - 141 = 289. What are the prime factors of s?
2, 3, 7
Suppose -r - 135 = -6*r. Suppose -3*k = -r - 3. List the prime factors of k.
2, 5
Suppose -3*r + 4*i + 6 = -21, 0 = 4*r - 4*i - 40. Let s = 29 - r. What are the prime factors of s?
2
Suppose -7*a + 21 = -4*a. Let x = a + 0. List the prime factors of x.
7
Suppose -b - b = -2. Suppose b - 2 = n. Let o = 4 - n. What are the prime factors of o?
5
Let l(v) = -8*v. Let i(u) = 7*u - 1. Let t(h) = -7*i(h) - 6*l(h). Let j be t(3). Suppose -k + j + 5 = 0. What are the prime factors of k?
3
Let q(k) = k**3 - 4*k**2 + 4*k - 6. Suppose 3*x = -4*c + 7, 2*c - c + x = 1. What are the prime factors of q(c)?
2, 5
Let s be 8*(-2 + (-10)/(-4)). Suppose 0 = s*b - 20 - 4. List the prime factors of (-2 - -1)/((-2)/b).
3
List the prime factors of 17/((-6)/(-15) + 21/(-90)).
2, 3, 17
Let c be 2/(-8) - (-11)/(-4). Let x = -2 + 9. Let t = c + x. What are the prime factors of t?
2
Suppose -5*f + 259 = 4*h + 74, -h = -3*f - 25. List the prime factors of h.
2, 5
Let j = 5 - 2. Let b be ((-32)/6)/((-1)/j). Suppose -2*y = -2 - b. What are the prime factors of y?
3
Let f(v) = -2*v - 5. Let l be (-4)/14 + 204/(-21). What are the prime factors of f(l)?
3, 5
Let l = 6 - 4. Suppose -l*x = 4*v - 46, 22 = 5*v + 3*x - 38. List the prime factors of v.
3
Suppose 3 = -5*d + 4*d. Let f be (4*d)/3*-1. List the prime factors of 174/15 - f/(-10).
2, 3
Let y = 210 + -117. List the prime factors of y.
3, 31
Let z = 40 + -20. What are the prime factors of 106/10 + 8/z?
11
Let a = 7 + 2. Let f(t) = -t**2 + 9*t + 9. What are the prime factors of f(a)?
3
Suppose -2*h = -0*h + 30. List the prime factors of 276/15 - (-6)/h.
2, 3
Let o = -33 + 15. Let b be (-249)/(-27) - (-4)/o. Suppose 0 = n + 4 - b. List the prime factors of n.
5
Let i be 2*(-2)/8*0. Suppose k + 0 - 2 = i. What are the prime factors of 13 - k/(1 + 1)?
2, 3
Suppose 5*n - 47 = -4*f, -n + 39 = 2*n - 3*f. Let r = 16 - n. What are the prime factors of r?
5
Let b = 7 - 4. Suppose -k = b*k + 112. Let n = -19 - k. List the prime factors of n.
3
Suppose 2 = -5*d + 12. Suppose -19 - 15 = -d*m + 2*a, 0 = 4*a - 8. What are the prime factors of m?
19
Suppose 13 = -t - 5*o, -7 - 5 = 4*o. Let w be (t/4)/(3/(-18)). List the prime factors of (2 + w)*-1*8.
2
List the prime factors of -3 - ((-17 - 0) + 4).
2, 5
Let g(t) be the first derivative of 3*t - 3/2*t**2 + 2. List the prime factors of g(-3).
2, 3
Let g(y) = -5*y**3 + 5*y**2 - 2*y + 1. Let z be g(3). Let c = -54 - z. List the prime factors of c.
41
Suppose -j + 4*g - 8 = -2, 0 = 4*j - g - 6. Let b = 3 + j. List the prime factors of b.
5
Let a be 71/(-3) - (-2)/(-6). List the prime factors of (a - 1)*-1 - 0.
5
Suppose -4*y = y. Suppose -20 = -y*s + s + 5*r, 5*r = -5*s. Suppose z - s*z = -44. List the prime factors of z.
11
Suppose -31 = -4*p + 3*p. What are the prime factors of p?
31
Suppose x - 5 = 0, 2*u + u - 549 = -3*x. List the prime factors of u.
2, 89
Let k(m) = -m**2 - 4*m + 4. Let a be k(-4). Suppose a*d = 97 - 21. What are the prime factors of d?
19
What are the prime factors of (-36)/(-2)*286/39?
2, 3, 11
Let g = 79 + -55. Suppose -3*s + 2 = -5*i - 6, g = 5*s - 3*i. What are the prime factors of s?
2, 3
Let q be (3/6)/((-1)/12). Let c be (q/(-15))/(2/20). Suppose 94 = c*n + 2*k, -4*n - k + 91 = -0*n. What are the prime factors of n?
2, 11
Suppose -5*j + 48 = 4*b - 29, 91 = 5*j - 3*b. Suppose 5*d - j = -2. Suppose -q - 10 = -4*f - d*q, 3*f - 2*q - 11 = 0. What are the prime factors of f?
3
Suppose -13*m + 14*m = -10. List the prime factors of (-285)/m*(-4)/(-6).
19
Let a be 2/(-4) - 2/(-4). Suppose a*v + 2*v = -6. List the prime factors of 5/2 + v/6.
2
Suppose 3*t + 3*x + 32 = 443, 0 = -2*x - 2. What are the prime factors of t?
2, 3, 23
Let s(v) = -v**3 - 2*v**2 - v + 2. Let b be s(-2). Suppose -2*x - 2 = -4*l + 10, -l = -4*x + b. Suppose -u - x*u = -24. List the prime factors of u.
2
Suppose 6*d - 100 = 2*d. Suppose -5*y + 54 = -4*p - 6, d = 5*p. What are the prime factors of y?
2
Suppose 574 = 4*s + 2*a, s + 4*a + 1 = 148. List the prime factors of s.
11, 13
Let u be 2/6 + 159/9. Suppose 5*r = -3*k + 58, -3*r + 5*r - 4*k = u. What are the prime factors of r?
11
Let k = 11 - 17. Let p = k + 6. Suppose p*l = -l + 17. List the prime factors of l.
17
Suppose 3*w = -2*o - 19 - 3, -2*o - 26 = 4*w. Let z be (-2)/(-1 - 0)*2/4. What are the prime factors of w/2*(-3 - z)?
2
Let g(l) be the second derivative of -l**8/960 - l**6/720 - l**4/6 - 3*l. Let o(c) be the third derivative of g(c). What are the prime factors of o(-1)?
2
Let a = -18 + 25. Let i = 3 - a. List the prime factors of ((-18)/i)/((-15)/(-20)).
2, 3
Suppose -2*p = 5*y - 12, -4*y - 9 - 9 = -3*p. What are the prime factors of (-1 - 15/p)*-2?
7
Let y = 53 + -36. What are the prime factors of y?
17
Let c be 0 + -1 + 0 + 1. Let h(t) = -t**2 - 14*t - 12. Let d be h(-13). What are the prime factors of (c + 2 - d) + 2?
3
Suppose 5*n + 42 = -3*s, 2*s + 2 = -3*n - 25. Let u(f) = -7*f - 1. Let j be u(-2). Let x = s + j. List the prime factors of x.
2
Let d = 48 - 15. What are the prime factors of d?
3, 11
Let r be -1 + 6 + 0 + -3. List the prime factors of 1/r*(2 + 18).
2, 5
Suppose -4*t - 10 + 38 = 0. Let b = t + -5. List the prime factors of b.
2
Let r be ((-18)/(-15))/((-6)/(-20)). Suppose -40 = -r*t + 32. Suppose 3*o - 9 = t. List the prime factors of o.
3
Let b(x) = -x + 15. Let v = -11 + 22. List the prime factors of b(v).
2
Suppose -33 = 5*x + 62. Let z = 3 + x. List the prime factors of (z/(-10))/(2/10).
2
Suppose 0 = 2*g + 5*t - 37, 2*g + 3*t - 2*t = 49. Suppose -5*p + g + 64 = 0. What are the prime factors of p?
2, 3
Let n(q) = -q**2 - 9*q - 13. Let c be n(-6). Suppose -c*v + 15 = 0, -v = 3*t - 57 + 21. List the prime factors of t.
11
Suppose -437 = 5*t + 143. What are the prime factors of t/(-5) + 2/(-10)?
23
Suppose 0*c + 6 = 3*c. Suppose c*q + 3*i = q + 13, 5*q + 3*i - 29 = 0. What are the prime factors of q?
2
Suppose 4*y + 2*j = 73 + 83, 2*j + 44 = y. What are the prime factors of y?
2, 5
Suppose 53 = 2*v - 171. What are the prime factors of v?
2, 7
List the prime factors of (-183)/(-21) - 12/(-42).
3
Let f(t) = 0*t**3 - 5 - 10*t**2 - 4*t - 5*t - t**3. Let b be f(-9). Let r = 3 - b. What are the prime factors of r?
2
Suppose 4*c = -0*g + 5*g - 242, 5*g = -5*c + 215. What are the prime factors of g?
2, 23
Suppose v + 313 + 146 = 3*n, 153 = n + 4*v. What are the prime factors of n?
3, 17
Suppose -3*y + 4 + 32 = 0. What are the prime factors of y?
2, 3
Let u(w) = 2*w**2 - 52*w + 3. List the prime factors of u(28).
5, 23
Suppose 6*a - 44 = 2*a. Let d = a - 7. Suppose 4*u + 2 = -2*k, -d*u = 2*k - 7*k - 33. What are the prime factors of u?
2
List the prime factors of (-1)/(4/(-156)*1).
3, 13
Suppose 3*g + 10 = 7*g - 3*o, -4*o + 12 = g. Suppose 0 = -4*n + 4*q + 36, g + 1 = n - 3*q. List the prime factors of n.
11
Suppose -2*d - 90 = -7*d. Suppose 3*b + 4*r = -0*r + d, 0 = 3*b - 2*r. Suppose -3*f = -b*f - 16. What are the prime factors of f?
2
Let h(p) = p - 1. Let o be h(5). Let c(j) = 2*j - 4*j - o + 4*j. List the prime